
Let k(y) = y**2 - 2*y - 4. Let h be k(4). Let j(q) = -q**2 + 14*q + 32. Let z be j(14). What is the highest common divisor of z and h?
4
Let l = -9 + 11. Let q be (-136)/(-10) - (-4)/10. What is the highest common factor of q and l?
2
Let t = -18 + 83. Calculate the highest common divisor of t and 13.
13
Let p(x) = -x**2 + 11*x - 8. Let o be p(10). Suppose -o*c + 0*c = -250. Calculate the highest common divisor of c and 50.
25
Suppose -64 = -4*z + 16. Suppose 0 = -5*l + l + z. Suppose -4*t = l*y - 214, -5*t + 274 = 4*y - y. What is the greatest common divisor of 8 and t?
8
Let h = 4 - -7. Let n(m) = -2*m**3 + 4*m + 3. Let y be n(-2). What is the greatest common divisor of y and h?
11
Suppose 0 = 3*t + 3*t - 162. Let o(d) = -d + 3. Let i be o(0). Calculate the highest common factor of i and t.
3
Suppose -64 = -2*m - 8. Suppose -118 - 150 = -4*d. Let j = 3 + d. Calculate the highest common divisor of j and m.
14
Suppose -5 + 1 = -4*m. Suppose -5*v + 82 = -g, 2*v - 2*g = m + 27. What is the greatest common factor of v and 102?
17
Let a(s) = -3*s - 8 - 15 - 4*s + 8. Let x = -12 + 2. Let g be a(x). Calculate the highest common factor of 11 and g.
11
Let o be ((-9)/(-3))/((-1)/(-7)). What is the highest common divisor of 3 and o?
3
Let a = -13 + 16. What is the greatest common factor of 33 and a?
3
Suppose -2*h - 3 = -21. Let s(v) = -v**2 - 1. Let k be s(-1). Let n be 66/h - k/(-6). Calculate the highest common divisor of 7 and n.
7
Suppose 15 = 5*i - 2*i. Let l = -16 - -22. Suppose -3*r = p + l + i, -5*p = -r - 9. What is the greatest common divisor of 1 and p?
1
Suppose -s - 2*s = -15. Let w be 7 + 2 + 0/1. Let j = 44 - w. Calculate the highest common divisor of j and s.
5
Let k be (-4)/(-8) - (-7)/2. What is the highest common divisor of 36 and k?
4
Let m(r) = 39*r - 1. Let h be m(2). Let z = 12 - 8. Suppose -2*o - 4*i + 2*i = -14, -z*i + 21 = 3*o. What is the highest common divisor of o and h?
7
Let m(x) = -x**2 + 12*x - 5. Suppose -p = p - 8, -4*q = p - 24. Let d be m(q). What is the greatest common divisor of 30 and d?
30
Suppose -b = -4 + 3. Suppose c + b = -3*u + 6, -5*u = 4*c - 20. What is the highest common factor of 5 and c?
5
Suppose 2 = 3*x - 4. Suppose -5 = -x*u - 5*l, 0*l = 4*u + 2*l - 2. Suppose 0 = 3*h - u*h - 168. Calculate the greatest common factor of h and 14.
14
Suppose 3*g + 0*z = 4*z + 644, 2*g + 5*z = 391. Suppose 0*w + g = 2*w. Let j = 40 + -27. What is the highest common factor of j and w?
13
Let g(d) = -13*d**3 + d**2 + d. Let m be g(-1). Suppose -5*y - 21 = -2*j, 3*y + 46 = 3*j + 10. Calculate the highest common factor of j and m.
13
Suppose 3*i = -3*q + 12, -2*q + 1 = -8*i + 3*i. Let h be ((-4)/6)/((-4)/24). Calculate the greatest common factor of i and h.
1
Suppose -3*o - 2*z + 89 + 11 = 0, 0 = -2*z - 8. Calculate the greatest common factor of o and 90.
18
Let v be 5 + ((-2)/1)/2. Let z be (7 + -5)/(2/12). What is the greatest common factor of v and z?
4
Let z(w) = -w**2 - 11*w - 10. Let g be z(-8). What is the greatest common factor of g and 63?
7
Let g be 5/30*6 + 2. What is the highest common factor of 4 and g?
1
Suppose -3*x - 53 = -4*a, 4*x = -3*a + 80 - 9. What is the highest common factor of a and 34?
17
Let v be 30/10 + (-1 - -33). Calculate the greatest common factor of 14 and v.
7
Suppose q = -8*z + 9*z - 13, -5*q = -15. Calculate the highest common divisor of 2 and z.
2
Suppose 7*y - 564 = 3*y. Let m = -85 + y. Calculate the greatest common factor of m and 7.
7
Suppose 22 = -0*z - 2*z. Let f be -1*2*z/2. Suppose c = -5*t + 42, 2*c - 29 = 2*t + 7. What is the greatest common factor of f and c?
11
Suppose 2*w - 22 = 6. Let j(k) = 3*k - 2. Let d be j(2). Suppose d*c + 37 = t, -55 = -3*t - 3*c - 4. What is the greatest common factor of t and w?
7
Let q be (-4 - -14) + -2 - -4. Calculate the greatest common factor of 8 and q.
4
Suppose -13 = -5*c - 3. Let p be (c - 0)/(2/1). Let b be p*-3*264/(-9). Calculate the highest common factor of b and 8.
8
Suppose -3*z = z - 240. Suppose 0 = -3*v - v - z. Let k be (-69)/v - (-4)/10. Calculate the highest common divisor of k and 45.
5
Suppose -164*b + 100 = -159*b. Calculate the highest common factor of b and 20.
20
Let o(i) = -1 - 3*i + 3*i + 3*i. Let n be o(4). What is the greatest common factor of n and 11?
11
Suppose -5*j - 14 = -3*z, 2*j = -3 - 5. Let l be (0 + z)/1 + 8. Let p = -3 + l. Calculate the highest common divisor of 2 and p.
1
Let u = -3 - -8. What is the highest common divisor of u and 5?
5
Let m(n) = -n + 1. Suppose 45 - 5 = -4*g + 4*i, -2*g = i + 11. Let j be m(g). What is the highest common factor of 8 and j?
8
Let z be (-8 - -9)/(2/(-4)*-1). What is the highest common divisor of z and 2?
2
Let u be 2*-1*723/(-6). Suppose 3*k - 294 = 825. Suppose 5*j - 2*l - k - 28 = 0, l = 3*j - u. What is the highest common divisor of 9 and j?
9
Let j = 187 - 162. Calculate the greatest common divisor of j and 1.
1
Let m be 1/7 - 377/(-7). Calculate the highest common divisor of m and 18.
18
Let x(j) = 47*j**2 - j + 2. Let z be x(1). Calculate the highest common divisor of 6 and z.
6
Suppose 0 = 3*d - 77 + 17. Suppose 2*l - 215 = -5*a - 3*l, -a - 5*l + 55 = 0. Calculate the greatest common divisor of d and a.
20
Let h = -52 - -88. Let g = -39 + 27. Let u = g - -21. What is the highest common divisor of h and u?
9
Let z(h) = 10*h + 1. Let u be z(2). Calculate the highest common divisor of u and 189.
21
Let m be 2 - (17 - -1)/(-3). Suppose 4*k - 128 = 5*u, -3*k - k + 2*u + 128 = 0. What is the highest common factor of k and m?
8
Suppose 4*f + 7 = 5*f. Calculate the greatest common factor of 35 and f.
7
Let c = 12 + -5. Suppose 0*t - 147 = -3*t. What is the greatest common factor of t and c?
7
Let w(c) = 2*c**2 + 0*c**2 - 8*c**3 - 1 - 46*c**3. Let k be w(-1). Let u(y) = -2*y - 3. Let g be u(-7). What is the highest common factor of k and g?
11
Suppose -5*j + 2*m = -29, m + 18 = 4*j - j. What is the highest common factor of j and 35?
7
Suppose 7*l = -5*q + 2*l + 705, 4*q - 559 = -3*l. What is the highest common factor of q and 17?
17
Let u be (-117)/6*1*-2. Suppose -6*l + 4*z = -3*l - u, -4*l = 2*z - 30. Calculate the greatest common factor of l and 9.
9
Suppose 0 = -3*o + 5 + 58. Suppose 0*j = 3*j - o. Let y(c) = c**3 - 6*c**2 - 6*c + 3. Let s be y(j). What is the highest common factor of 90 and s?
10
Let f = -61 - -165. Calculate the highest common factor of 26 and f.
26
Let z be (-2 + 2)/(-2) + 5. Suppose -z*v = -5*l + 175, 97 = -3*v - 2*l + l. Let h = v + 52. What is the greatest common factor of 209 and h?
19
Let w be 2/1*102/12. What is the greatest common factor of 34 and w?
17
Let b(c) = c**3 - 7*c**2 - 12*c - 6. Let a be b(9). What is the greatest common factor of a and 32?
16
Let v = 76 - 51. What is the highest common factor of v and 5?
5
Let c = -3 + 15. Let p(q) = -q**3 - 10*q**2 + 14*q + 12. Let j be p(-12). Calculate the greatest common factor of c and j.
12
Suppose 5*m - 20 = 2*n, m - 3*m - 13 = -5*n. Let k = 72 + -66. Calculate the highest common factor of m and k.
6
Suppose -4*a + a + 12 = 0. Suppose 0 = 4*g + 4*w - 88, -g - a*w + 28 - 6 = 0. Calculate the greatest common divisor of 198 and g.
22
Let h be 1 - (-41 + (4 - 1)). What is the greatest common divisor of h and 429?
39
Let v(w) = -4*w - 4. Let t be v(-13). What is the highest common divisor of 16 and t?
16
Suppose 40 = 2*t + 4*o, -5*t + 2*o = 5*o - 100. Suppose -5*s - x + 11 = -3*s, 3*s - 2*x - t = 0. What is the greatest common factor of s and 66?
6
Suppose -1 = 5*p + 4. Let h(y) = -14*y. Let w be h(p). Let c(g) = 5*g - 13. Let n be c(4). What is the greatest common factor of n and w?
7
Let b(w) = 2*w**2 - 3*w. Let m be b(2). Let v(g) = 2*g**2 + 3*g - 4. Let z be v(-3). Calculate the highest common divisor of m and z.
1
Let b(w) = -w**3 + 9*w**2 + 3*w - 17. Let s be b(9). Calculate the greatest common factor of s and 5.
5
Let t be ((-1)/(-3))/((-3)/(-27)). Suppose t*b + 5*q = 3*q + 68, 0 = -2*b + 4*q + 40. What is the highest common factor of b and 33?
11
Suppose 0 = 2*z - 7*z + 50. Calculate the greatest common factor of z and 90.
10
Let r be (-670)/40 - (-1)/(-4). Let v = 36 + r. What is the greatest common factor of v and 38?
19
Let y = 65 + -52. Calculate the greatest common divisor of